-q*n + 6. What is the remainder when o is divided by n?
5
Let r be 8/(-12)*3*-1. Suppose 3 + 3 = 4*j + 2*u, -r*u - 3 = j. What is the remainder when 9 is divided by j?
0
Suppose 0 = 5*t - 4*t - 5. Suppose -84 - 26 = -t*q + 2*i, 2*i = -4*q + 106. Calculate the remainder when 5 is divided by (12/q)/((-1)/(-8)).
1
Let n(c) = -c**3 + 11*c**2 - 10*c + 2. Let o be n(10). Calculate the remainder when 29 is divided by (o + -2 - (-31 - 3))/2.
12
Suppose -3*n + 3 = p + 1, -2*n = p. Suppose -5*d + n*w = -97, 5*d - 4*w = -0*w + 99. Calculate the remainder when d is divided by 5.
4
Suppose -2*n - l = 3*l - 6, 24 = 4*n - 4*l. Let i = 6 + n. What is the remainder when (-34 - -2)*(-51)/51 is divided by i?
10
Let s(d) = d**3 + 5*d**2 + 4*d + 4. Let r be s(-4). Suppose r*w - 136 = 4*h, 4*w - 3*h = -w + 164. What is the remainder when w is divided by 8?
7
Let g = 55 - 33. Let o be (9/(-27))/((-2)/6). Calculate the remainder when g is divided by 116/(-87)*(o + -1 - 6).
6
Let l(u) = u**3 + 16*u**2 + 9*u - 28. What is the remainder when l(-15) is divided by 21?
20
Let n(m) = m**3 + 3. Let p(g) = -9*g + 8. Let z be p(-3). Suppose -z = -2*h - 3*h. What is the remainder when h is divided by n(0)?
1
Suppose -8 = 7*a - 1. Let p = a - -4. Calculate the remainder when p is divided by 1.
0
Let j = 26 + -15. Let a(w) = 20*w + 11. Let b be a(6). Let y = b + -89. Calculate the remainder when y is divided by j.
9
Let s(g) = g**3 - 6*g**2 + 4*g + 6. Let l be s(5). Let k be 1 + -4 - (l + 3). Let z(m) = -m + 9. Calculate the remainder when 61 is divided by z(k).
13
What is the remainder when 286 is divided by ((-96)/5)/((-24)/60)?
46
Calculate the remainder when (-2)/(-2)*(-112)/(-24)*30 is divided by 13.
10
Let f(g) = g**2 + 21*g - 19. Let a be f(-22). Suppose 2*v - 270 = c, 0*v + 540 = 4*v + a*c. Calculate the remainder when v is divided by 35.
30
Suppose -36*m + 228 + 1716 = 0. Calculate the remainder when 100 is divided by m.
46
What is the remainder when (-4)/((-6)/3) + 26*1 is divided by 9 - (2 - 4)*1?
6
Let d(k) = 9*k**2. Let s = -2 - 2. Let q(x) = x + 3. Let r be q(s). What is the remainder when d(r) is divided by 3?
0
Let s(f) = f**3 + 5*f + 4. Calculate the remainder when 18 is divided by s(0).
2
Let o(z) = z**2 + 1. Let r be o(1). Suppose -r*x = -14 - 0. Calculate the remainder when 26 is divided by x.
5
Let o(k) = 74*k**3 - 2*k + 1. What is the remainder when 142 is divided by o(1)?
69
Suppose -3*c + 96 = 2*o, -2*c = -7*c. Suppose 13 - o = -5*i. What is the remainder when 18 is divided by i?
4
Suppose -12*u + u = -253. Suppose 4*z = -i + 134 + 63, 3*i - 4*z = 623. Calculate the remainder when i is divided by u.
21
Let i(b) = -2*b**2 - 2*b - 8. Let t be i(7). Let f = t + 199. What is the remainder when f is divided by 27?
25
Suppose 47*w = 295 + 34. Let o = -126 + 188. What is the remainder when o is divided by w?
6
Let i = -40 - -63. Let m(w) = -w + 36. What is the remainder when 51 is divided by m(i)?
12
Let s be (24 - -1)/(7/14). Suppose 0 = 4*v + 2*o - 378 + s, 3*v - 246 = 3*o. What is the remainder when v is divided by 28?
26
Suppose 3*u + 18 = v, 0 = 3*v - 3*u - u - 34. Let l(a) = 5*a - v + 4 + a - a**2. What is the remainder when 11 is divided by l(4)?
5
Let x be 182/(-14) - (-5 + 0). Let d(t) = -t**2 - 15*t - 9. Calculate the remainder when d(x) is divided by 8 + -3*(-2)/3.
7
Suppose -k + 305 = 4*k. Let f(h) = -33*h + 121. What is the remainder when k is divided by f(3)?
17
Suppose 2*u + 44 - 174 = 0. Suppose 0 = -2*k - 4, 0 = -0*x - 5*x + 5*k. What is the remainder when 32 is divided by x*(u/(-10) + -2)?
15
Let y = 79 + -166. Let b = -24 - y. Let w = 88 - b. What is the remainder when w is divided by 7?
4
Let y(g) = -g**3 - 4*g**2 - 3*g + 5. Let v = -8 - -11. Suppose -r + 83 = -3*x, v*r + 4*x = x + 249. Calculate the remainder when r is divided by y(-4).
15
Suppose 0 = 26*l - 34*l + 144. What is the remainder when 305 is divided by l?
17
Let r be (((-162)/(-4))/3)/((-1)/2). Calculate the remainder when (-26)/((-9)/(r/(-2))) is divided by 6.
3
Let h = 1965 - 1923. What is the remainder when 161 is divided by h?
35
Suppose -50 = 4*m + 66. Let c = -27 - m. Calculate the remainder when c is divided by 2.
0
Suppose 0 = 4*x - 239 - 777. Calculate the remainder when x is divided by 64.
62
Let m(t) = -t**3 - 11*t**2 - 2*t - 17. Let x be m(-11). Suppose -2*d - 16 = -3*n, x*n - 4*d + 0*d = 26. Calculate the remainder when 23 is divided by n.
5
Let b be 3 + -3 + 7 - -1. Let m(n) = n + 7. What is the remainder when (0 - 68)*(-4)/b is divided by m(5)?
10
Let k(o) = -o**2 - 10*o. Let z be k(-12). Let i = z + 47. Let p(q) = 6*q**2 - 3*q. What is the remainder when p(3) is divided by i?
22
Calculate the remainder when (-118)/(-5)*40/16 is divided by 40.
19
Let k = -19 + 48. Calculate the remainder when 43 is divided by k.
14
Let y be (8/(-7))/((-8)/28). Calculate the remainder when y/(8/127)*2 is divided by 13.
10
Let d(b) = -7 + b - b + 12 - 9*b + 7*b**2 + b**3. What is the remainder when d(-8) is divided by 3?
1
Let k(v) = v**2 - 4*v + 7. Let h be k(-8). Suppose -5*w + 83 = 3*s, -s - h = -4*w - 23. Calculate the remainder when 111 is divided by w.
16
Let s(w) = -w**2 - 7*w - 1. Let a be s(-6). Let i(g) = -g**2 + 5*g + 7. Calculate the remainder when 32 is divided by i(a).
4
Let q(o) = 3*o**2 - 17*o + 36. What is the remainder when q(6) is divided by 26?
16
Let f(r) be the third derivative of -r**4/8 - 2*r**3 - r**2. Suppose 0 = 3*x - 130 - 8. What is the remainder when x is divided by f(-12)?
22
Let r(x) = -4*x - 65. Calculate the remainder when 200 is divided by r(-29).
47
Suppose 21*p - 1255 = 614. What is the remainder when p is divided by 24?
17
Let f be 81/6 - 1/2. Let x = -4 + f. Calculate the remainder when x is divided by 4.
1
Suppose 18 + 10 = 4*v. Suppose 2*s + 6 = -2*f, s - v*f = -3*f + 22. Suppose 0 = 3*o - s*o - 13. Calculate the remainder when 50 is divided by o.
11
Let a(z) = 3*z - 2. Let u be a(2). Suppose -206 = -u*d + 26. Let n = -8194 + 8206. Calculate the remainder when d is divided by n.
10
Let h = -296 - -314. Let p be -1 - -17*(0 - 1). Let g = -11 - p. What is the remainder when h is divided by g?
4
Let b be (990/(-8))/(4/(16/(-1))). Suppose 0 = 3*u - 12*u + b. Calculate the remainder when u is divided by 28.
27
Suppose -5*l = 2*b - 29, 4*l + 4*b = 8*b + 40. Calculate the remainder when 201 is divided by l.
5
Suppose 0 = 4*c - 20, 2*w = -20*c + 25*c + 127. Calculate the remainder when 1745 is divided by w.
73
Let f = 5455 - 2986. Calculate the remainder when f is divided by 19.
18
Let f = -5 + 7. Let h = f + 49. What is the remainder when h is divided by 26?
25
Let f(q) = 87*q - 10. Let y(b) = 43*b - 5. Let g(n) = 4*f(n) - 7*y(n). What is the remainder when g(2) is divided by 15?
14
Suppose 4*l - l = 45. Let g = 13 - l. What is the remainder when 3/(-18)*g*93 is divided by 11?
9
Let h be (-42)/(-15) - (8/10 + -1). Suppose -h*o = y - o, o + 12 = y. Calculate the remainder when 20 is divided by y.
4
Let q(s) = s**3 + 19*s**2 + 44*s + 9. Calculate the remainder when q(-12) is divided by 123.
120
Let s(n) = -n**2 - 17*n - 29. Let i be s(-14). Suppose 0 = c - 38 + i. Calculate the remainder when c is divided by 13.
12
Suppose 8*u - 5*u = 63. What is the remainder when 31 is divided by (-6)/(-5)*140/u?
7
Calculate the remainder when (-3)/(0 - ((-60)/535)/(-4)) is divided by 39.
29
Suppose -4*a - 5*t = -85, -2*a + a + 24 = 4*t. Calculate the remainder when 271 is divided by a.
11
Suppose d - 5 = 9. Suppose 22 = 2*z + 2*z - 2*r, -5 = 5*z + 4*r. Suppose -w - 4*w = -2*l + 3, -15 = -3*l - z*w. Calculate the remainder when d is divided by l.
2
What is the remainder when 27 is divided by (12/(-8))/((-4)/72)?
0
Let x = 6692 - 6667. Calculate the remainder when 341/7 - (-4)/14 is divided by x.
24
Suppose -5*i - 4 = -9*i. Calculate the remainder when 8/(i*(0 + 8/92)) is divided by 24.
20
Let l = 30 - 24. Suppose -l*a + 239 - 71 = 0. What is the remainder when a is divided by 15?
13
Calculate the remainder when (-73308)/(-451) + 12/(-22) is divided by 33.
30
Let i = 5 + -1. Suppose h - i + 2 = 0. Calculate the remainder when (-42)/9*3/(-2) is divided by h.
1
Suppose -6368 = -5*k - 6*x + 4*x, 2*k - 3*x - 2532 = 0. What is the remainder when k is divided by 51?
48
